nder when 639 is divided by 310?
19
What is the remainder when 9757 is divided by 243?
37
What is the remainder when 3051 is divided by 355?
211
Calculate the remainder when 32212 is divided by 116.
80
What is the remainder when 82403 is divided by 6?
5
What is the remainder when 24200 is divided by 5901?
596
What is the remainder when 14853 is divided by 1865?
1798
What is the remainder when 184 is divided by 3?
1
Calculate the remainder when 77696 is divided by 78.
8
What is the remainder when 9543 is divided by 469?
163
Calculate the remainder when 62132 is divided by 167.
8
Calculate the remainder when 1609 is divided by 757.
95
What is the remainder when 1935267 is divided by 124?
123
Calculate the remainder when 180433 is divided by 60144.
1
What is the remainder when 837 is divided by 687?
150
Calculate the remainder when 453 is divided by 148.
9
What is the remainder when 142704 is divided by 3397?
30
What is the remainder when 298869 is divided by 126?
123
What is the remainder when 431991 is divided by 26?
1
Calculate the remainder when 64530 is divided by 41.
37
Calculate the remainder when 7530 is divided by 24.
18
What is the remainder when 25962 is divided by 2883?
15
Calculate the remainder when 11631 is divided by 5718.
195
What is the remainder when 183770 is divided by 327?
323
What is the remainder when 297952 is divided by 24828?
16
Calculate the remainder when 5327 is divided by 984.
407
What is the remainder when 7813 is divided by 3870?
73
What is the remainder when 6592 is divided by 195?
157
Calculate the remainder when 52520 is divided by 740.
720
What is the remainder when 769 is divided by 764?
5
Calculate the remainder when 401351 is divided by 14.
13
Calculate the remainder when 657 is divided by 280.
97
Calculate the remainder when 590213 is divided by 987.
974
Calculate the remainder when 1132 is divided by 564.
4
What is the remainder when 164616 is divided by 294?
270
Calculate the remainder when 3456 is divided by 163.
33
What is the remainder when 35928 is divided by 609?
606
Calculate the remainder when 3458 is divided by 1144.
26
What is the remainder when 272447 is divided by 32?
31
What is the remainder when 5092 is divided by 620?
132
What is the remainder when 2330 is divided by 757?
59
What is the remainder when 1488 is divided by 299?
292
Calculate the remainder when 4640 is divided by 745.
170
Calculate the remainder when 37251 is divided by 162.
153
Calculate the remainder when 1463 is divided by 1007.
456
Calculate the remainder when 3514 is divided by 1681.
152
Calculate the remainder when 41929 is divided by 1559.
1395
Calculate the remainder when 1144930 is divided by 381636.
22
What is the remainder when 3993 is divided by 2981?
1012
Calculate the remainder when 988 is divided by 19.
0
Calculate the remainder when 150877 is divided by 66.
1
What is the remainder when 46717 is divided by 108?
61
Calculate the remainder when 14206 is divided by 617.
15
Calculate the remainder when 9086 is divided by 1297.
7
Calculate the remainder when 875 is divided by 77.
28
What is the remainder when 6504 is divided by 465?
459
What is the remainder when 453628 is divided by 11?
10
What is the remainder when 29528 is divided by 208?
200
What is the remainder when 6323 is divided by 3161?
1
Calculate the remainder when 1468 is divided by 1005.
463
What is the remainder when 1232034 is divided by 616012?
10
What is the remainder when 217879 is divided by 387?
385
What is the remainder when 6817 is divided by 379?
374
What is the remainder when 36337 is divided by 36326?
11
Calculate the remainder when 992 is divided by 319.
35
Calculate the remainder when 6064 is divided by 122.
86
What is the remainder when 3375832 is divided by 265?
262
What is the remainder when 61196 is divided by 190?
16
Calculate the remainder when 221959 is divided by 110974.
11
Calculate the remainder when 65209 is divided by 17.
14
Calculate the remainder when 698 is divided by 141.
134
What is the remainder when 6458 is divided by 114?
74
What is the remainder when 49976 is divided by 72?
8
Calculate the remainder when 1414 is divided by 222.
82
Calculate the remainder when 15368 is divided by 42.
38
Calculate the remainder when 6334 is divided by 72.
70
What is the remainder when 12508 is divided by 12498?
10
Calculate the remainder when 5028798 is divided by 53.
52
Calculate the remainder when 83897 is divided by 304.
297
Calculate the remainder when 19808 is divided by 19663.
145
What is the remainder when 18434 is divided by 109?
13
Calculate the remainder when 49 is divided by 47.
2
What is the remainder when 403965 is divided by 1578?
1575
What is the remainder when 156878 is divided by 5?
3
Calculate the remainder when 312216 is divided by 254.
50
What is the remainder when 549424 is divided by 423?
370
What is the remainder when 3771008 is divided by 23?
20
Calculate the remainder when 160411 is divided by 119.
118
Calculate the remainder when 1994 is divided by 182.
174
What is the remainder when 61461 is divided by 1463?
15
What is the remainder when 5128 is divided by 1703?
19
Calculate the remainder when 323229 is divided by 5.
4
What is the remainder when 14190 is divided by 54?
42
What is the remainder when 1203747 is divided by 535?
532
What is the remainder when 1386 is divided by 24?
18
Calculate the remainder when 37327 is divided by 794.
9
What is the remainder when 6673 is divided by 386?
111
What is the remainder when 1419 is divided by 704?
11
What is the remainder when 20889 is divided by 255?
234
What is the remainder when 26515 is divided by 13?
8
What is the remainder when 3195 is divided by 765?
135
Calculate the remainder when 126237 is divided by 126225.
12
Calculate the remainder when 2362 is divided by 301.
255
What is the remainder when 14797 is divided by 274?
1
What is the remainder when 8802 is divided by 2194?
26
Calculate the remainder when 3791966 is divided by 16.
14
What is the remainder when 1049144 is divided by 547?
545
Calculate the remainder when 2851 is divided by 940.
31
Calculate the remainder when 422806 is divided by 289.
288
What is the remainder when 3550 is divided by 1775?
0
What is the remainder when 925 is divided by 441?
43
Calculate the remainder when 287634 is divided by 41089.
11
What is the remainder when 36469 is divided by 1458?
19
Calculate the remainder when 99646 is divided by 12453.
22
What is the remainder when 66929 is divided by 1521?
5
What is the remainder when 45600 is divided by 46?
14
Calculate the remainder when 71793 is divided by 875.
43
Calculate the remainder when 858 is divided by 262.
72
Calculate the remainder when 194486 is divided by 7.
5
Calculate the remainder when 12010 is divided by 26.
24
Calculate the remainder when 138593 is divided by 20.
13
Calculate the remainder when 15529 is divided by 282.
19
What is the remainder when 1259319 is divided by 380?
379
What is the remainder when 958814 is divided by 152?
150
What is the remainder when 102069 is divided by 12?
9
What is the remainder when 4183 is divided by 692?
31
Calculate the remainder when 2395 is divided by 559.
159
What is the remainder when 25649 is divided by 95?
94
What is the remainder when 2705 is divided by 129?
125
Calculate the remainder when 4217 is divided by 1773.
671
Calculate the remainder when 2867 is divided by 1349.
169
What is the remainder when 73919 is divided by 19?
9
Calculate the remainder when 3858 is divided by 562.
486
What is the remainder when 719928 is divided by 359958?
12
Calculate the remainder when 26916 is divided by 157.
69
What is the remainder when 74076 is divided by 17?
7
Calculate the remainder when 2608 is divided by 28.
4
What is the remainder when 2032 is divided by 337?
10
What is the remainder when 37120 is divided by 165?
160
Calculate the remainder when 9966 is divided by 2458.
134
What is the remainder when 16291 is divided by 42?
37
What is the remainder when 487404 is divided by 40617?
0
Calculate the remainder when 17705 is divided by 177.
5
Calculate the remainder when 423 is divided by 97.
35
Calculate the remainder when 33741 is divided by 126.
99
Calculate the remainder when 27031 is divided by 14.
11
Calculate the remainder whe